m(a).
4
Let m(r) = -9*r + 8. Let p(u) = -5*u + 1. Let q(d) = 6*d - 1. Let i(s) = 5*p(s) + 4*q(s). Let h(n) = 5*i(n) - m(n). Let w = -54 - -56. What is h(w)?
5
Let s = -15 + 11. Let o(i) = -i**2 - 3*i - 4. Give o(s).
-8
Let j(x) = x + 7. Let r(a) be the second derivative of a**4/12 - a**3/6 - 11*a**2/2 + a. Let k be r(0). Let g be j(k). Let v(q) = -q**2 - 6*q - 5. Give v(g).
3
Let n(l) be the third derivative of l**4/6 + l**3/6 + 3*l**2. Suppose 0 = 4*m - 2*m - 2. Give n(m).
5
Let y(i) be the first derivative of i**4/4 - i**3 + i**2 - 2*i + 1. Let t = -38 - -40. What is y(t)?
-2
Let r(d) = 1 + 5*d - 18*d + 11*d. Calculate r(5).
-9
Let r = -1 - 1. Let a(f) = -5*f. Let v be a(r). Suppose u + 4*j = -u + v, 5*j = -u + 17. Let s(x) = -x + 1. What is s(u)?
4
Let z(j) = -3*j**3 + 5*j**2 - 2. Let i(l) = 7*l**3 - 11*l**2 + 4. Let d(x) = 4*i(x) + 9*z(x). Let r(k) = k + 4. Let q be r(-4). Determine d(q).
-2
Let u(l) = -6*l**2. Let r = 5 + -1. Let f be (4/8)/(2/r). Calculate u(f).
-6
Let x(g) = g**2 + g + 1. Let d(j) = -2*j**2 + 5*j - 3. Let o(k) = d(k) + x(k). Let i(z) = 5*z + 35. Let r be i(-6). Calculate o(r).
3
Suppose 2*j + 4 = -0*j. Let t(d) be the third derivative of -d**7/1680 - d**6/720 + d**5/60 - d**2. Let u(r) be the third derivative of t(r). What is u(j)?
5
Let l(o) = -o**3 - 4*o**2 + 6*o + 2. Let m(h) = h**2 + 5*h + 1. Let b be m(-3). Give l(b).
-3
Let b(v) = 13*v**2 + 13*v + 3. Let x(q) = 3*q**2 + 3*q + 1. Let k(w) = 2*b(w) - 9*x(w). Calculate k(-4).
-15
Let l(f) = -11*f + 2. Let b be 3/1 + (-7 - -1) - -5. Calculate l(b).
-20
Let x = -33 + 27. Let s(a) = a**3 + 6*a**2 + a + 8. Calculate s(x).
2
Let r = 8 - 6. Suppose 4*c + 5*q + 6 = c, -r*c + 4*q + 18 = 0. Let w(j) = -3*j**2 + j + 4. Let o(t) = -2*t**2 + 4. Let f(a) = 5*o(a) - 4*w(a). Give f(c).
10
Let x(j) = -j**2 - j + 1. Let s(o) = o**2 - o - 3. Let m be s(0). Give x(m).
-5
Let t = -2 - -2. Let q(d) = t*d - d - 2 - 2*d - d**2. Suppose -2*f - 4 = -f. Calculate q(f).
-6
Let c(l) = -6*l + 0 - 6 - l**2 - 3*l. Let t be c(-7). Let m(z) = z - 15. Determine m(t).
-7
Let x(w) = -15 + 13 - w**2 + 2*w**2. Give x(0).
-2
Let l(q) = q - 1. Let m(i) = -3*i + 3. Let p(r) = -4*l(r) - m(r). Suppose -5*v + 77 = 17. Suppose 0*x + 4*x = v. Give p(x).
-2
Suppose 5*f - 4*y + y + 13 = 0, -4 = 4*f + 4*y. Let s(q) = -q**2 + 3*q + 3. Calculate s(f).
-7
Let d(k) = -16*k - 85. Let o be d(-6). Let q(v) = v**2 - 11*v - 12. Give q(o).
-12
Let a(l) = 2*l**3 - 7*l**2 + l - 4. Let v(r) = -r**3 + r**2. Let t(k) = -a(k) - 3*v(k). What is t(-4)?
8
Let c = 16 - 14. Let j(p) = -2*p**2 - 5 - 2 + 3*p**c. What is j(0)?
-7
Suppose -1 = -v + 2. Suppose -w - 4*b = 11, -v*w + 5*b + 35 = -0*w. Let d = w + 1. Let h(f) = f - 1. Give h(d).
5
Let a = -479 - -477. Let j(u) = -3*u**3 - 4*u**2 - 5*u - 1. Let p(t) = -2*t**3 - 3*t**2 - 4*t - 1. Let s(z) = -3*j(z) + 4*p(z). Calculate s(a).
-7
Suppose -3*m = 4*i - 2*i - 8, 0 = -2*m + 3*i + 1. Suppose -5*f = 3*v + 17, 4*v + 19 = -m*f - f. Let y(c) = c**2 + 5*c + 3. What is y(v)?
-1
Let w(i) = 2*i**3 - 5*i**2 + 3*i - 3*i**3 - 8*i + 1. Let h be w(-4). Let v(u) = -u**3 + 6*u**2 - 4*u - 4. Determine v(h).
1
Suppose -3*u - 2*u + 10 = 0. Let w(d) be the first derivative of 2 - 4 - 1 + 0*d**2 - d**u + 4*d. What is w(-3)?
10
Let u(o) be the second derivative of o**4/12 + 5*o**3/6 + o**2/2 + 3*o. Let k = 4 - 10. Calculate u(k).
7
Suppose -3*b + 3*a = -2*b + 5, 8 = 2*a. Let c(z) = 2 - 3*z - 2 + z**2 - b. Give c(5).
3
Let r(p) = 11*p - 43. Let q be r(4). Let g(z) be the first derivative of z + z**2 + 3*z - 5*z + 1. Calculate g(q).
1
Let x(g) = -2 - 9*g + 15*g - 8*g + 10. Calculate x(6).
-4
Let i(s) = -2*s - 4*s + s**2 + 3 - 3*s + 4*s. What is i(4)?
-1
Let u(s) = -s - 18. Let n be u(-15). Let p(b) be the first derivative of -b**3/3 - 3*b**2/2 + 4*b - 2. Calculate p(n).
4
Let b(m) = -2*m + 3. Suppose 0*q = -2*q. Suppose 9*j - 6*j - 12 = q. What is b(j)?
-5
Let w = -1 - -1. Suppose -6*i + i = -30. Let z(j) = 15*j - 8*j + 6 + j**2 - i*j. Determine z(w).
6
Let a(d) = -d**3 + 9*d**2 + 2*d - 1. Let v(w) = w**3 - 8*w**2 - 3*w. Let z(o) = -3*a(o) - 4*v(o). Calculate z(6).
3
Suppose 21 = 3*h + 12. Let i(k) be the first derivative of -k**3/3 + k**2/2 - 3*k - 1. Calculate i(h).
-9
Let z = -1 + 1. Suppose z = -2*j - 0*j. Let q(w) = j*w - 2 + 0*w + w. What is q(-4)?
-6
Let t = 4 - 1. Let u(z) = 2*z - 2*z**2 - z**t - 1 + 3 + 1. Let d(m) = m - 6. Let k be d(4). What is u(k)?
-1
Suppose -3*k = 3*y - 18, -8*y + 27 = 2*k - 3*y. Let h(r) = 6*r**2. Determine h(k).
6
Let b(z) be the second derivative of 0 + 2*z + 1/6*z**3 + 3*z**2. Suppose 12 = 3*p - 6*p. Give b(p).
2
Let q(d) = -5*d**2 - 3*d**2 + 7*d + 9*d**2 + 2. Calculate q(-7).
2
Suppose 3*n = -4*f - 20 - 4, 0 = 5*n - 3*f + 11. Let c(l) be the second derivative of l**5/20 + 5*l**4/12 + l**3/2 + 2*l**2 - 8*l. Determine c(n).
8
Let z(t) = -t**3 + 11 + 2*t**2 + 5*t**2 + 41*t - 34*t. Determine z(8).
3
Let c(o) be the first derivative of o**4/4 + 7*o**3/3 + 7*o**2/2 + 8*o + 8. Calculate c(-6).
2
Suppose -4*o - 3*d = d + 4, 15 = -3*d. Let t(v) = -2*v + o*v + 2 - 4*v + 3*v. Calculate t(-5).
-3
Let s(b) = -3*b + 1. Let j(h) = -h**2 - 8*h + 4. Let f be j(-9). Let d = f - -6. What is s(d)?
-2
Let f(b) = -b**3 - b**2 - b + 1. Let k be (-2)/7 + (-24)/14. Determine f(k).
7
Let k(y) = -y - 5. Let o be k(-6). Let h(n) = -6*n + 5*n + 11*n. Calculate h(o).
10
Let g(s) = 2*s - 5. Suppose d = -a + 1, -7 = -5*a + 2*d + 12. Let j be (-1)/a - (-32)/6. Suppose -7*w = 4*n - 2*w - 20, -n + 3*w + j = 0. What is g(n)?
5
Suppose 22 = 3*n + 5*t, 2*t - 9 = -n - 0. Let l(b) = -b + 16. Let o be l(0). Let d(j) = -16*j + o*j + 8*j**2. Calculate d(n).
8
Let z(g) = 4*g**2 + 9*g - 8. Let l(m) = -8*m**2 - 17*m + 16. Let i(n) = 4*l(n) + 7*z(n). Let b(r) = r**3 - 1. Let a(y) = -b(y) - i(y). Calculate a(5).
-7
Let v(l) = l + 3. Let n(a) = -7*a - 11. Let x be n(-2). Calculate v(x).
6
Let y(x) = -2*x**3 - x + 3. Let k(s) = -3*s**3 - s**2 - 3*s + 6. Let r(h) = -3*k(h) + 5*y(h). Let d be r(4). Let m(i) = i**3 + 4*i**2 - 2. Determine m(d).
7
Let b(a) be the first derivative of 2 - 3*a - 3 - 2 - a**2 + a. Calculate b(2).
-6
Let k(x) = x**3 - 3*x**2 - 5*x - 1. Let j(z) = z**2 + 7*z - 4. Let g be j(-8). Determine k(g).
-5
Let y(g) = 2*g - 3*g - 1 - 2*g**2 - 3 + 5. Calculate y(-2).
-5
Let x(f) = 3*f**3 - 4*f**2 - f - 4. Let w(i) = -4*i**3 + 5*i**2 + i + 4. Let b(s) = -2*w(s) - 3*x(s). Determine b(3).
-2
Suppose -3*m = 3 + 12. Suppose -2*n = -7*n - 55. Let t(v) = -8*v**2 + 6*v - 4. Let k(l) = -3*l**2 + 2*l - 1. Let a(f) = n*k(f) + 4*t(f). Determine a(m).
10
Let h be (5 - 3)*18/4. Let m be h/12 - 39/(-12). Let t(j) = -1 + 2*j + 5*j - 5*j. What is t(m)?
7
Let g be 2 + (-2)/(-4)*0. Let q(i) = 0*i**2 + i - 2*i**2 - i**2 + 3 + g*i**2. What is q(3)?
-3
Let d(t) = 2*t + 7. Let j be d(-3). Let p(q) = 3*q - 1. Let o be p(1). Let i(w) = -1 + 10*w**3 + o + 0 - w**2. Give i(j).
10
Let v(o) = -o**2 - 9*o - 3. Let i(x) = -x**2 - 10*x - 4. Let u(n) = -6*i(n) + 7*v(n). What is u(-3)?
3
Let s(c) be the first derivative of -3*c**2/2 + 3*c + 11. Give s(4).
-9
Let n(j) be the second derivative of 3*j**5/20 + j**2/2 + 3*j. Let c(g) = -7*g**3 + g**2 - 3 + 4 - g - 4. Let q(m) = -2*c(m) - 5*n(m). Give q(-3).
4
Let a(m) be the third derivative of -m**6/120 - m**5/4 + m**4/24 + 11*m**3/3 - 4*m**2. What is a(-15)?
7
Let f be (4/6)/(4/30). Let q(w) = -w**2 + 10*w + 3. Let d(s) = 3*s**2 - 29*s - 8. Let t(c) = -6*d(c) - 17*q(c). Calculate t(f).
-8
Let l(x) be the second derivative of -x**2/2 + 5*x. Let i(g) = g + 2. Suppose -8*f = -4*f - 4. Let q(d) = f*i(d) + 3*l(d). Determine q(-2).
-3
Let h(c) = -5*c**3 - 5*c**2 - 5. Let k(n) = -n**3 - n - 1. Let z(i) = -h(i) + 4*k(i). Calculate z(-5).
21
Let y = -9 + 6. Let j(c) = -1. Let n(s) = s - 4*s - 1 + 4*s. Let a(w) = y*n(w) + 5*j(w). Calculate a(2).
-8
Let z(f) = 0*f**3 - 4 + 3*f**3 - 4*f**3 - 76*f**2 + 74*f**2 + 2*f. Give z(-4).
20
Let g = 7 + -4. Let v(h) = -6*h + 16. Let p(b) = -11*b + 29. Let a(n) = 4*p(n) - 7*v(n). What is a(g)?
-2
Let u(g) = -g + 2. Suppose -9*h = -5*h - 16. Give u(h).
-2
Suppose -9 = 2*p - 0*p - o, 4*p = -3*o + 7. Let k(d) = -2*d**3 - 2*d**2 + 2*d + 3. Determine k(p).
7
Let q be ((-6)/(-5))/((-3)/15). Let f(c) = -c**3 - 5*c**2 + 7*c + 3. Give f(q).
-3
Suppose -k + 3*m - 1 = 0, 5*m 